t a = 6 + r. Calculate the greatest common factor of 6 and a.
2
Let m be (-29 + 4)/(-1) + -1*1. What is the highest common divisor of 264 and m?
24
Let z(y) = -y**2. Let a be z(0). Let n be (a - -1)/(1/9). Let r be (-2)/2*-25 - -2. Calculate the greatest common factor of r and n.
9
Let m be 1/(-2)*(-42 + 10). Let t be (-117)/(-26)*m/6. What is the greatest common factor of t and 132?
12
Suppose 12*i - 11*i - 9 = 0. What is the greatest common factor of 3 and i?
3
Suppose o = 4*d - 3*o - 72, 0 = 4*o + 20. What is the highest common divisor of 117 and d?
13
Suppose -11*c = -15*c + 252. Calculate the greatest common divisor of c and 9.
9
Let k(y) = -y**3 + 6*y**2 + 2*y - 9. Let x be k(6). Suppose -190 = -4*i + w - 3*w, 3*w + x = 0. What is the highest common factor of 32 and i?
16
Let j = 76 + 36. Calculate the greatest common factor of 7 and j.
7
Let x = 90 - 71. What is the greatest common factor of x and 57?
19
Let r be (2 - 0)*1*11. Suppose -f + 10 = -1. Suppose f = s - 22. What is the greatest common divisor of s and r?
11
Let i be ((-3)/6)/(3/(-6)). Let y = 2 - i. What is the highest common factor of y and 2?
1
Suppose 1 = -m - 0, 3*b = 5*m + 5. Suppose -3*p - 1 + 19 = b. Let c be 16/3*(-9)/(-4). Calculate the greatest common divisor of c and p.
6
Suppose -c + m + 13 = 0, -4*c + 8*c = m + 61. Let s(v) = v**2 + v + 6. Let d be s(6). Calculate the greatest common factor of d and c.
16
Let i = 47 - 31. Let a be -16 + 13 - 1*2. Let m be (-3)/((-15)/(-2))*a. What is the highest common divisor of m and i?
2
Let k be ((-2)/(-2) - 2)*-6. Suppose -3*r + 6 = 4*s, s - 3 - 3 = -3*r. Let j be r/7 - (-48)/28. Calculate the highest common factor of k and j.
2
Let x be 95/57 + (-3)/((-18)/(-4)). What is the greatest common factor of 18 and x?
1
Suppose -6*r = j - r - 61, 0 = 4*j - 3*r - 336. Let m be (-63)/(-14)*(-1 + 3). Calculate the greatest common divisor of m and j.
9
Let h = -3 - -4. Let n(f) = f - 3 - 3*f**2 - f**3 - 3*f + 0*f**3. Let l be n(-3). What is the greatest common divisor of l and h?
1
Let q be (-57)/(-12) + (9/(-12) - -1). What is the greatest common divisor of 10 and q?
5
Suppose -4*q = -37 - 39. What is the greatest common factor of q and 76?
19
Suppose -2*y = -178 + 34. Suppose -8 - y = -h. Let i = 26 + -16. What is the highest common factor of h and i?
10
Suppose -3*i - 23 = 4*w, -2*i - 4*w = w + 6. Let g(r) = -r**2 - 13*r + 18. Let o be g(i). What is the greatest common factor of 36 and o?
18
Let r = 11 + -6. Suppose -r*t = -0*i - i - 61, 4*t + i = 47. Suppose 3*z - 56 = 88. Calculate the highest common factor of z and t.
12
Suppose 3*h - 3*g - 468 = 0, -5*h + 4*g = 2*g - 774. Calculate the greatest common divisor of 14 and h.
14
Let d be 2/(-2) - 0/2. Let m be (-8)/(-1 + d) - -2. Suppose -3*b - 30 = -m*b. Calculate the highest common divisor of b and 10.
10
Let j(g) = -11*g + 1. Let t be j(-3). Suppose -4 = 2*v - t. Calculate the greatest common factor of 10 and v.
5
Suppose l = -2*l + 12. Suppose -l*k + 16 = -12. Calculate the highest common factor of 77 and k.
7
Suppose -5*v - 12 = -37. What is the highest common factor of v and 20?
5
Suppose 2*y = 4*y. Let n be y*((-2)/(-4) - 1). Let r be 110/2 + n + 0. What is the highest common divisor of r and 11?
11
Suppose -5*d - 11 = 5*w - 4*d, 3*d = -5*w - 3. Let v(t) = -35*t - 1. Let g be v(w). Calculate the greatest common divisor of 13 and g.
13
Let p be 11 - (6/(-2) - -2). Suppose 7 - 23 = -l. Let r be 36/l*(-32)/(-6). Calculate the greatest common divisor of r and p.
12
Let n = 7 - 11. Let s be ((-2)/n)/((-1)/(-26)). Suppose 2*i = i + 91. Calculate the highest common divisor of s and i.
13
Let y = -11 + 17. Suppose z + 60 = y*z. Calculate the greatest common divisor of 108 and z.
12
Suppose -3*o = -4*p - 1643, -4*o - 4*p = -1595 - 605. Let t = -189 + o. Suppose t = y + 4*y. Calculate the greatest common divisor of y and 8.
8
Suppose 0 = -4*o + 2 + 22. What is the highest common divisor of 6 and o?
6
Suppose -d - 3 = -7. Let p = d + 5. What is the greatest common factor of 45 and p?
9
Let l(h) = 4*h - 19. Let f be l(6). What is the greatest common divisor of 25 and f?
5
Let c(p) = -p**2 + 15*p + 54. Let i be c(16). Let y = -47 + 66. Calculate the highest common divisor of y and i.
19
Let a = 99 + 37. Let v = -17 + -14. Let w = v + 48. What is the greatest common divisor of a and w?
17
Suppose -2*i = -5*l + 30, 3*i - 5*i - 24 = -4*l. Suppose -8*j + 5 = -5*s - 3*j, 4*s = -2*j + 20. What is the highest common divisor of l and s?
3
Let k be ((-25)/2)/((-2)/8). Let f = 152 + -132. Calculate the greatest common divisor of k and f.
10
Let r = -19 - -29. Let o = r - 3. What is the highest common divisor of o and 49?
7
Let o(d) = -d**2 - 12*d - 14. Let x be o(-10). Calculate the greatest common divisor of x and 30.
6
Let k(w) = -3*w - 4. Let l be k(-2). What is the highest common divisor of 1 and l?
1
Let m = 3 + 12. What is the highest common divisor of m and 75?
15
Suppose -5*d = -7 + 27. Let g(m) = m**3 + 4*m**2 + 2. Let a be g(d). Suppose -8 = h - a*h. What is the greatest common divisor of 1 and h?
1
Let o = 12 + 4. Suppose -o - 4 = -4*p. What is the greatest common factor of 25 and p?
5
Let q(v) = 2*v + 6. Let u be q(5). Let k = u - -4. Suppose 32 = 6*r - 2*r. What is the highest common factor of k and r?
4
Suppose -3*v + 0 = -r + 2, -3*r + 62 = 5*v. What is the highest common factor of 14 and r?
14
Suppose -t + 1 = -4. Let b be -5 + (t - 2) + 16. Calculate the greatest common factor of 7 and b.
7
Let w(u) = u**2 - 10*u + 28. Let i be w(10). Suppose -4*v - v + 225 = 5*g, 5*g + 111 = 3*v. What is the highest common divisor of i and v?
14
Suppose 5*a = 3*n + 248, 4*n - 46 = -a + n. Suppose 43 = 4*l - t - a, -5*t = 5*l - 140. Suppose 9 = 4*w - 3. What is the highest common factor of w and l?
3
Let w = -6 - -4. Let p be (w/3)/((-4)/30). Suppose -p*o + 2*d - 9 = -71, -5*o - 3*d + 57 = 0. What is the greatest common factor of o and 12?
12
Let f(v) = 25*v - 33. Let i be f(2). Let j = -12 - -29. Calculate the highest common divisor of i and j.
17
Let x = 53 + -32. Calculate the highest common divisor of x and 105.
21
Let t = 11 + 0. Let v = 106 - 22. Let y = -7 + v. Calculate the highest common divisor of t and y.
11
Let u(m) = -m**3 + 12*m**2 + 14*m - 11. Let s be u(13). Suppose -w - s*w = -15. Calculate the highest common factor of 45 and w.
5
Suppose 120 = -4*i + d - 5*d, -5*i - 4*d = 148. Let v = i - -55. What is the highest common factor of 189 and v?
27
Let g(k) = k**3 - 4*k**2 - 4*k + 5. Let f be g(5). Let t be (-16)/(-9) + (-6)/(-27). Calculate the highest common factor of f and t.
2
Let z be 4/4 + -1 - -3. Suppose -5*m - 385 = -3*w, 2*w + 61 - 324 = -z*m. Calculate the highest common divisor of w and 26.
26
Let n be (-39)/(-9) - 1/3. Suppose -3*p - 3*g + 47 = 2*g, n*p - g = 101. Calculate the greatest common divisor of 216 and p.
24
Let m(j) = 7*j**2 + 15*j - 7. Let b be m(7). What is the greatest common divisor of 49 and b?
49
Let l be (-10)/3 - 1/(-3). Let q be -3 - (1 - -569)/l. Let g(w) = 3*w**2 + 2*w - 4. Let x be g(-3). Calculate the greatest common divisor of x and q.
17
Let z = 241 + -137. Suppose 4*r - z = -b, 5*r + 4*b - 87 - 54 = 0. Calculate the greatest common divisor of 5 and r.
5
Let o be (-18)/(-5) + 4/10. Suppose d - 16 = -o*c, 2*d + d - 5*c - 82 = 0. Calculate the greatest common divisor of 60 and d.
12
Let r(f) = 22*f - 10. Suppose -h + 1 = -6. Let p be r(h). Suppose -4*j + j = -p. What is the greatest common factor of j and 12?
12
Let q = 40 + -14. Calculate the greatest common factor of 39 and q.
13
Let g(y) = 2*y**3 - y**2 - 3*y**3 + 3*y**2 + y. Let k be g(2). Let z(v) = 9*v - 62. Let d be z(8). What is the greatest common divisor of d and k?
2
Let n be -2 - (1 - (-1 - -44)). Suppose -z - 3*z = -n. Let c(w) = 8*w**2 + 6*w + 6. Let v be c(-4). Calculate the highest common divisor of z and v.
10
Suppose 139 = 5*v - p, 0 = 3*v + p - 82 + 5. Let k = v - 15. What is the highest common factor of 84 and k?
12
Let y(c) = 7*c + 7. Let i(u) = -u**2 - 9*u - 3. Let a be i(-8). Let b be y(a). What is the greatest common divisor of 105 and b?
21
Let y be (-4)/(-6) + 175/21. Let d = 3 - -3. Let a be (d/2 - 6) + y. What is the highest common divisor of 9 and a?
3
Let h be (-15